he millions digit of 84051662?
4
What is the hundred millions digit of 2521175478?
5
What is the ten thousands digit of 85753639?
5
What is the tens digit of 8674608?
0
What is the hundred thousands digit of 348079954?
0
What is the tens digit of 1954714210?
1
What is the hundreds digit of 996484?
4
What is the units digit of 4635700441?
1
What is the tens digit of 345137492?
9
What is the tens digit of 1613699586?
8
What is the hundreds digit of 2841759285?
2
What is the thousands digit of 596336882?
6
What is the units digit of 5220687274?
4
What is the thousands digit of 971276621?
6
What is the tens digit of 7925276?
7
What is the ten thousands digit of 1176946290?
4
What is the millions digit of 1035302011?
5
What is the tens digit of 322062421?
2
What is the hundreds digit of 770657937?
9
What is the hundreds digit of 20778397?
3
What is the ten thousands digit of 340044680?
4
What is the thousands digit of 2777207957?
7
What is the tens digit of 102741289?
8
What is the hundreds digit of 1795603?
6
What is the units digit of 2689908692?
2
What is the billions digit of 1438475643?
1
What is the hundred millions digit of 123185358?
1
What is the hundreds digit of 7614244?
2
What is the millions digit of 134858269?
4
What is the hundred thousands digit of 1599829149?
8
What is the hundreds digit of 236073458?
4
What is the ten millions digit of 990314357?
9
What is the hundred millions digit of 1736009702?
7
What is the millions digit of 627579587?
7
What is the hundred thousands digit of 771287221?
2
What is the units digit of 431229608?
8
What is the millions digit of 1673405663?
3
What is the hundreds digit of 308132392?
3
What is the hundred millions digit of 1229485603?
2
What is the ten millions digit of 128860626?
2
What is the units digit of 571882251?
1
What is the ten thousands digit of 517875284?
7
What is the ten millions digit of 301331651?
0
What is the hundreds digit of 964139943?
9
What is the units digit of 53329047?
7
What is the ten thousands digit of 1520761601?
6
What is the units digit of 135463983?
3
What is the thousands digit of 14473762?
3
What is the millions digit of 2381364680?
1
What is the ten millions digit of 29821307?
2
What is the hundred thousands digit of 123533361?
5
What is the units digit of 1003438140?
0
What is the thousands digit of 11994028?
4
What is the hundred thousands digit of 1165380345?
3
What is the hundred thousands digit of 210554428?
5
What is the hundreds digit of 32816273?
2
What is the thousands digit of 20804720?
4
What is the hundreds digit of 28010146?
1
What is the tens digit of 20819401?
0
What is the millions digit of 215700311?
5
What is the hundred thousands digit of 102237257?
2
What is the tens digit of 474319381?
8
What is the units digit of 101849087?
7
What is the ten thousands digit of 53424590?
2
What is the ten thousands digit of 834372044?
7
What is the units digit of 5672716?
6
What is the tens digit of 19764939?
3
What is the thousands digit of 984584602?
4
What is the tens digit of 23746563?
6
What is the units digit of 799713121?
1
What is the hundred millions digit of 426300791?
4
What is the ten millions digit of 7191063546?
9
What is the units digit of 523537245?
5
What is the billions digit of 1529851221?
1
What is the hundred thousands digit of 64778525?
7
What is the millions digit of 1249571954?
9
What is the tens digit of 564840199?
9
What is the hundred thousands digit of 315564164?
5
What is the ten millions digit of 118706917?
1
What is the millions digit of 39583223?
9
What is the ten thousands digit of 104256813?
5
What is the hundred millions digit of 159743302?
1
What is the hundred thousands digit of 280261308?
2
What is the ten thousands digit of 62880872?
8
What is the tens digit of 442442797?
9
What is the hundred millions digit of 1055566475?
0
What is the hundreds digit of 25970284?
2
What is the ten thousands digit of 817631094?
3
What is the units digit of 37873131?
1
What is the hundreds digit of 71182264?
2
What is the ten millions digit of 879887982?
7
What is the units digit of 1659685440?
0
What is the hundred millions digit of 316427878?
3
What is the ten thousands digit of 1524604794?
0
What is the thousands digit of 49227562?
7
What is the hundred thousands digit of 333823599?
8
What is the millions digit of 128147776?
8
What is the tens digit of 130371967?
6
What is the hundred thousands digit of 35439023?
4
What is the hundreds digit of 541791174?
1
What is the hundred thousands digit of 2708352267?
3
What is the hundred thousands digit of 642339273?
3
What is the thousands digit of 662757313?
7
What is the hundred millions digit of 126797669?
1
What is the hundred millions digit of 332102250?
3
What is the tens digit of 265565503?
0
What is the millions digit of 60153100?
0
What is the tens digit of 100136991?
9
What is the units digit of 247399601?
1
What is the ten thousands digit of 629282238?
8
What is the millions digit of 1276368756?
6
What is the hundred thousands digit of 721226685?
2
What is the millions digit of 1021337?
1
What is the ten millions digit of 3296371879?
9
What is the hundred millions digit of 3094342905?
0
What is the ten thousands digit of 429186649?
8
What is the thousands digit of 2402056329?
6
What is the hundred thousands digit of 213108909?
1
What is the tens digit of 371245209?
0
What is the ten thousands digit of 444674774?
7
What is the tens digit of 46228224?
2
What is the units digit of 653284832?
2
What is the ten thousands digit of 1228821539?
2
What is the thousands digit of 4557521889?
1
What is the hundred thousands digit of 871333836?
3
What is the ten millions digit of 1497505103?
9
What is the ten millions digit of 4120910363?
2
What is the millions digit of 126133266?
6
What is the units digit of 526637380?
0
What is the thousands digit of 155679323?
9
What is the ten millions digit of 76384609?
7
What is the hundreds digit of 28959950?
9
What is the tens digit of 480166176?
7
What is the ten thousands digit of 3082656019?
5
What is the ten millions digit of 67817991?
6
What is the millions digit of 3234937280?
4
What is the billions digit of 1281093745?
1
What is the thousands digit of 601911851?
1
What is the hundred millions digit of 222117099?
2
What is the millions digit of 46741552?
6
What is the ten millions digit of 33980047?
3
What is the ten thousands digit of 1016341315?
4
What is the hundreds digit of 6700867267?
2
What is the millions digit of 5046761158?
6
What is the ten millions digit of 26789580?
2
What is the hundred thousands digit of 921869784?
8
What is the millions digit of 183371343?
3
What is the hundred thousands digit of 86806221?
8
What is the units digit of 812465338?
8
What is the millions digit of 1487095327?
7
What is the tens digit of 2333877536?
3
What is the thousands digit of 344133685?
3
What is the ten thousands digit of 144624038?
2
What is the units digit of 130926859?
9
What is the ten thousands digit of 1676658240?
5
What is the hundred millions digit of 264966161?
2
What is the tens digit of 3380245?
4
What is the millions digit of 15892102?
5
What is the hundreds digit of 511650028?
0
What is the hundreds digit of 1154002950?
9
What is the hundreds digit of 67471964?
9
What is the hundreds digit of 50822258?
2
What is the tens digit of 294837302?
0
What is the hundreds digit of 26562662?
6
What is the ten thousands digit of 5783517192?
1
What is the hundred thousands digit of 21335299?
3
What is the hundred thousands digit of 123638613?
6
What is the hundred thousands digit of 31121568?
1
What is the ten thousands digit of 2249984?
4
What is the hundreds digit of 115213802?
8
What is the thousands digit of 134236938?
6
What is the hundred thousands digit of 24608039?
6
What is the hundred thousands digit of 361670595?
6
What is the hundred millions digit of 214078034?
2
What is the thousands digit of 315992376?
2
What is the units digit of 3609116718?
8
What is the tens digit of 429088220?
2
What is the ten thousands digit of 99336805?
3
What is the hundred thousands digit of 45730968?
7
What is the tens digit of 110869816?
1
What is the tens digit of 84397020?
2
What is the hundred thousands digit of 289713845?
7
What is the ten thousan